6720 + h**7/2520 + h**6/720 + h**5/12 + 12*h**2. Let d(i) be the third derivative of p(i). Calculate d(-1).
2
Suppose -7*j - 56 = 7*j. Let u = 4 + -2. Let t(c) = -2*c - 2*c**u - 5 + 3*c - 8*c. Determine t(j).
-9
Let a(q) = -2*q**2 + 8*q - 10. Let l(j) = j**2 - 1. Let c(b) = a(b) + 3*l(b). Let o be c(-9). Let w(x) = -x**3 - 4*x**2 - 2*x - 3. What is w(o)?
5
Let o be 3 - (-4)/(-3 - -7). Let a(l) = l**3 + 3*l**2 + l + 1. Let d be a(-2). Let z(r) = -7*r**2 - 2*r + 0*r**2 + r**3 + d*r**2 + 4. Determine z(o).
-4
Let r = 533 - 521. Let z(n) = -n**3 + 13*n**2 - 13*n - 8. Calculate z(r).
-20
Let l(g) = g**2 + 5*g + 4. Let b be l(-6). Suppose v - 5*s = -25, 2*v + 0 = 2*s - b. Let j(t) = -t - 20. Determine j(v).
-20
Let w(q) = -5*q - 1. Let n(k) = -k + 13. Let d be n(11). Suppose -4*o = 5*f + 16, 5*o + d*f = o - 4. Calculate w(o).
-6
Suppose d - 2*j - 3 = 2, 5*j + 5 = 0. Let r be 8 - 0*d/(-12). Let s(k) = k**3 - 8*k**2 - 2*k + 10. Determine s(r).
-6
Let p(k) = 32*k + 7 + 16*k**2 - 34*k - 36 - 95*k**3 + 96*k**3. Give p(-16).
3
Let q(u) = -26 + 2*u - 31 + 54. What is q(3)?
3
Suppose 25 = 3*q + 2*q. Suppose -10 = -3*j - 3*b + b, 0 = -5*j + q*b + 25. Let n(h) = -h**2 + 4*h + 1. Let k be n(j). Let w(f) = 10*f**2 + 1. Give w(k).
11
Let n be 5/2 + (-9)/18. Suppose 2 = -n*y - 0. Let b(o) = 6*o**2 - 1. Let i be b(y). Let q(m) = -m + 1. Calculate q(i).
-4
Let q(k) = -8*k - 8*k**2 + 240 + 9*k**2 - 239 + 3*k. Suppose 0 = -4*n + 6 + 14. Suppose -r + j - 3 = -2*r, 3*r + n*j - 5 = 0. Determine q(r).
1
Suppose 3*n = 5*n + 4. Suppose 2*y - 101 = 5*b, -5*y = -3*y + b - 71. Let h(a) = y*a**3 - 3*a**2 - 20*a**3 - 20*a**3. Give h(n).
4
Let t(y) = -29 - 20 + 7*y + 53. Calculate t(-3).
-17
Let t be ((-28)/49)/(2/(-7)). Let u(n) = 8*n**t - 1 - 4*n**2 - 8*n**2. Give u(-1).
-5
Let q(u) = 62*u - 33*u - 8*u**3 + 2*u**2 - 31*u + 1. Suppose 5*n - 4*n = 1. Give q(n).
-7
Suppose -20*k - 15 = -17*k. Let n(f) be the first derivative of -f**4/4 - 2*f**3 - 7*f**2/2 - 5*f - 11. Determine n(k).
5
Let z(a) = a**2 - 2. Suppose 8*u + 7 = 31. Determine z(u).
7
Let s(j) = j**3 - 6*j**2 + j - 6. Let a = -59 + 3. Let w be a/(-9) - 8/36. Let q = 0 + w. Give s(q).
0
Let d(k) = -10*k**2 + k - 1. Let p(u) = -u**3 + u**2 - u + 1. Let a(r) = -3*r**3 + 4*r**2 - 2*r + 2. Let i(c) = a(c) - 4*p(c). Let n be i(1). Determine d(n).
-10
Let f(h) = -3*h + 5. Suppose 10*w = 47 - 17. Suppose -3*x = -u - 2, -2*x + 22 = w*x + 3*u. Give f(x).
-1
Let n be -6*((-1)/10 - (-6)/(-15)). Suppose w - 5*r - 22 = 0, -2*w - 12 = 5*r + 4. Let l(b) = 0*b - b**2 - w + 3*b - b. Determine l(n).
-5
Let x be (2 + -17)/((-21)/(-14)). Let r(y) = y**3 + 9*y**2 - 8*y + 17. Determine r(x).
-3
Let a(j) = -24*j - 7. Let l(f) = 85*f + 21. Let y(n) = -7*a(n) - 2*l(n). Give y(12).
-17
Let a(d) = 2*d**2 - 277*d + 283*d - 3*d**2 - 2. Suppose 5*f + u = -47, -5*f + 36 - 98 = -4*u. Let s = f - -16. Determine a(s).
-2
Let h(n) = n**3 + n**2 - 11. Let x(j) = 2*j**3 + 3*j**2 + j - 21. Let c be -3 + 2*-3 + 3. Let k(g) = c*x(g) + 11*h(g). What is k(-6)?
5
Let j(m) = 13*m**2 - 4 + m**3 + 2*m + 24*m**2 + 2*m - 30*m**2. Give j(-6).
8
Let d(y) = 6*y + 39. Suppose -2*j = 13*j + 90. Give d(j).
3
Let t = 25 + -15. Let h(s) = -2*s + 9*s**2 - t*s**2 + s**3 - 2*s - 7 + 3*s. What is h(0)?
-7
Let v(c) = c**2 - c + 1. Let d(s) = -2*s**2 + 9*s - 3. Suppose -20 = -h - 21. Let b(l) = h*d(l) - 6*v(l). Give b(-2).
-13
Let t(o) = o**3 + 7*o**2 - 10*o - 6. Let m = -3 + 72. Let n be (m/(-15) + 3)/(2/10). Give t(n).
10
Let h(j) = -j**2 + 4*j - 4. Let m be h(4). Let y(f) = -f**3 - 4*f**2 + 2*f - 4. Determine y(m).
-12
Let l(t) = 0*t**2 + 0*t**2 + t - 2 + t**2. Suppose 28*n = 27*n + 31. Let i = n + -29. Determine l(i).
4
Let n(v) = -v**2 + 5*v - 9. Let i be 0 + 7 + -17 + 17. What is n(i)?
-23
Suppose 26 = -3*t - 4. Let i(w) = -w - 6. Give i(t).
4
Suppose 5*a = g - 307, -3*a = -5*a + 5*g - 109. Let t = a - -57. Let o(w) = -w**3 - 6*w**2 - 4*w + 5. What is o(t)?
0
Let d(x) = -16*x**2 + 4*x - 20. Let m(a) = -3*a**2 + a - 4. Let q(j) = -2*d(j) + 11*m(j). Give q(-3).
-22
Let u(c) = -c + 3. Suppose 10*o - 12 = 7*o. Suppose -o*j = -9*j. What is u(j)?
3
Let l = 3 + -3. Let f(m) be the first derivative of -2 + 1/2*m**2 - 12*m. What is f(l)?
-12
Let n(f) = -2*f**3 + 5*f**2 - 21. Let s(o) = -o**3 + 3*o**2 - 10. Let k(u) = 3*n(u) - 5*s(u). Calculate k(0).
-13
Let k(t) = -t**3 + 10*t**2 + 24*t + 3. Let q = -591 + 603. Calculate k(q).
3
Let a(q) = -q**2 - 6*q - 6. Suppose -7 = -2*k + h, 2*h + 2 = 2*k - 2. Suppose -d = -4*m + 1, -3*d + k*d - m = -9. What is a(d)?
-1
Let b(s) = s**3 + 2*s. Suppose 2*l + 1 - 11 = 0. Suppose 0 = -l*a - 14 + 4. Determine b(a).
-12
Let l(o) = -o. Suppose 0 = 6*c - 6 - 6. Let b be (3 - 4)/(c/4). Calculate l(b).
2
Let z = -4 - -8. Suppose k - 3*x + 9 = 0, -2*x + 14 = 3*k - 3. Let q(p) = -1 + k - 4 - p. Determine q(z).
-6
Let l(g) = -2*g + 2. Let v = 21 - 13. Let y(s) = -s**3 + 7*s**2 + 11*s - 4. Let r be y(v). Let c = -16 + r. What is l(c)?
-6
Suppose 44*w + 45 = 59*w. Let q(t) be the second derivative of -6*t**2 + w*t + 0 - 1/6*t**3. Determine q(-5).
-7
Let q be (-7)/((-21)/(-18)) - (4 + -6). Let o(i) = i**2 + 0*i**2 + 10 - 5 + 5*i. Give o(q).
1
Let x(h) = -h**2 + 9*h + 4. Let c(q) = -2*q**2 + 8*q + 3. Let i(r) = 2*c(r) - 3*x(r). Determine i(-7).
22
Let u(g) be the second derivative of 0 - 1/6*g**4 + 1/20*g**5 + 31*g - 1/2*g**3 + g**2. Calculate u(3).
2
Suppose 1 = u - 1. Suppose 18 = 4*j - 3*f - 2, -3*j - 4*f - 10 = 0. Suppose 12 = u*n + j*n. Let l(p) = p**3 - 4*p**2 + 2*p + 2. Determine l(n).
-1
Let o(y) be the first derivative of -5*y**2/2 + 7*y - 24. Calculate o(5).
-18
Let w(k) be the first derivative of -6*k + 3*k + 5*k + 6*k + 9 - k**2. What is w(6)?
-4
Let x(r) = r**2 - 6*r - 7. Let l = -113 + 121. Give x(l).
9
Let q(i) be the first derivative of i**3/3 + 11*i**2/2 - 4*i - 596. Give q(-12).
8
Let w(l) = -6*l + l**2 + l + 0*l - 6. Let n = 6 - 0. Let p(y) = 2*y - 6. Let x be p(n). What is w(x)?
0
Let d(y) = -y**3 + 3*y**2 - 2. Let u be d(2). Let x be 4/48*4*24. Let n(g) = 4*g**2 - 1 + x*g**3 + 1 - 6*g**3 + u*g - 1. What is n(-2)?
-5
Let v(m) be the first derivative of -m**4/4 - 7*m**3/3 - 7*m**2/2 + 2*m + 5. Suppose -2*l + 8 = -6. Suppose 5*t - 30 = 4*o, o - 2*o - l = -t. What is v(o)?
-13
Let a(x) = 3*x**2 - 17*x - 24. Let h(r) = 4*r**2 - 19*r - 26. Let k(l) = -5*a(l) + 4*h(l). Give k(-5).
-4
Let j be (0 - 4)/(((-60)/55)/6). Suppose -8 = -2*g, -g + j = u - 4*u. Let v(q) = -q**2 - 5*q - 4. What is v(u)?
-10
Let n(f) = f**2 + 2. Let g be n(4). Suppose -8*q + g = -7*q. Let t be q/15 + 1/(-5). Let p(x) = -5*x + 1. What is p(t)?
-4
Let q(p) be the first derivative of -2*p**3/3 - 19*p**2/2 - 13*p + 24. Let y be q(-9). Let v(i) = 2*i**2 + 5*i - 1. Give v(y).
11
Suppose -2*n - 3*q - 11 = -2, 2*q = 5*n + 32. Let i(l) = 16*l + 31. Let v(g) = -3*g - 6. Let c(h) = -4*i(h) - 22*v(h). Give c(n).
-4
Suppose 2*v = -v + 9. Let o(g) = -g**3 - 12*g**2 + g + 15. Let m be o(-12). Let r(h) = h + 5 - 2 - m*h. Calculate r(v).
-3
Let y(i) be the first derivative of -i**4/4 - 2*i - 31. Let b be y(0). Let w(t) = t**2 + t - 2. What is w(b)?
0
Let a(z) = -2*z + 7. Suppose -5*u = u + 48. Let r be 273/49 + u/14. Determine a(r).
-3
Let b(c) be the first derivative of 5*c - 25 - 1/4*c**4 + 6*c**2 - 11/3*c**3. Give b(-12).
5
Let s = 11 + -4. Let n(f) = -f**2 + 13*f + 6. Let i(g) = -g**2 + 14*g + 7. Let b(k) = s*n(k) - 6*i(k). Determine b(6).
6
Let o(g) be the second derivative of g**6/360 - g**5/120 - 13*g**3/6 + 21*g. Let k(z) be the second derivative of o(z). Give k(-3).
12
Let v(m) be the second derivative of 1/2*m**3 - 10*m + 1/20*m**5 + 0 - 2*m**2 + 1/2*m**4. Give v(-5).
6
Let g(t) = t**2 + 3*t + 2. Let d be 210/49 - (-2)/42*-6. Determine g(d).
30
Let g(w) = -w**3 - 14*w**2 + 9. Let u be g(-14). Let s = u + -3. Let m be (72/(-27))/(4/s). Let i(r) = -2*r + 1. Determine i(m).
9
Let o be 9/(-12)*14*(-10)/3. Suppose 11*q = -9 - o. Let s(n) = n**3 + 5*n**2 + 5*n - 1. Determine s(q).
-5
Let n(o) = -26 - 37*o + 32*o + 20. Calculate n(2).
-16
Let o(k) = 3*k**3 - k**2 + k. Let c(g) = 21*g + 211. Let m be c(-10). Give o(m).
3
Suppose 4*x - 10 = -2*w, 4*x + x - 4*w + 20 = 0. Let h be (x - 1)/(6/(-60)). Let t(k) = 1 - 10*k**2 + 19*k**2 - h*k**2 - 5*k. What is t(-6)?
-5
Let d(b) = -4*b**3 + 2*b*